ine i(8).
-14
Let r(p) = 456*p**2 - 11*p - 61*p + 445*p**2 + 25 - 10 - 897*p**2. Give r(18).
15
Let x(s) = s**3 - 14*s**2 - 13*s - 37. Suppose -165*h + 11 = -164*h - 4. Give x(h).
-7
Let i = -2475 + 2476. Let v(l) = -l - 1. Let x(w) be the second derivative of w**3/3 - 11*w**2/2 - 2*w. Let a(c) = i*x(c) - 3*v(c). Determine a(6).
22
Let w(g) be the second derivative of g**5/20 + g**4/6 + g**3/6 + 21*g**2/2 - 151*g - 4. What is w(0)?
21
Let i(s) be the second derivative of s**5/24 - s**4/24 - 3*s**3/2 + 2*s + 2. Let g(q) be the second derivative of i(q). Give g(2).
9
Suppose 125 = -5*l + 14*f - 9*f, l + f + 23 = 0. Let v be (-3 + 3)/(l/3). Let j(m) = -m**2 - 27. Calculate j(v).
-27
Let o(l) = l**3 + 4*l**2 + l - 4. Suppose -3*m - 50 = 76. Let q be (-4 + m/(-12))/((-1)/22). Suppose 0 = -2*h + 4*a + 1 - q, 3*h = -3*a - 6. Calculate o(h).
2
Let n(r) = 3*r - 2. Let a(h) = -2*h**2 + 3*h - 4. Let q(j) = a(j) - n(j). Determine q(4).
-34
Let i(z) = 3*z**3 + 35*z**2 + 107*z + 6. Let p(x) = -2*x**3 - 23*x**2 - 71*x - 6. Let t(u) = 5*i(u) + 7*p(u). Determine t(-10).
8
Suppose -3*r - 164 + 189 = -8*r. Let d(n) = -n**2 + 3*n**2 - 4*n**2 + n**2 - 6. Determine d(r).
-31
Let o(r) be the first derivative of 3*r**2/2 - r - 6. Let h(l) = 6*l**2 - 27*l - 10. Let s be h(5). Calculate o(s).
14
Let y(g) = 3916 - 4*g**2 - 6*g - 2*g**3 + g**3 + 2*g**3 - 3904. Give y(5).
7
Let z(u) = u**3 + 2*u**2 + 9*u + 11. Let m(i) = -4*i**3 + 49*i**2 - 6*i - 74. Let x be m(12). Give z(x).
-7
Let a(t) be the second derivative of t**4/4 + 3*t**3/2 - 3*t**2/2 + 213*t. Let b(o) = 2*o**2 + o. Let y(m) = -a(m) + 5*b(m). Calculate y(2).
23
Let r(a) be the first derivative of -a**4/4 - 8*a**3/3 - 3*a**2/2 + 1147. Give r(-8).
24
Let s(a) be the first derivative of -a**3/3 + 5*a**2 - 7*a - 1. Let y be (0/(-1) - 6/(-45)) + 4256/480. Determine s(y).
2
Let k be ((-20)/(-18))/((-3250)/(-17550)). Let o(y) be the second derivative of y**3/3 + 5*y**2/2 + 2*y. Calculate o(k).
17
Let l(c) be the first derivative of -c**4/24 - 2*c**3/3 + 7*c**2/2 + 6*c - 267. Let w(m) be the second derivative of l(m). What is w(-7)?
3
Let d(w) = -w**3 + 8*w**2 + 2*w - 15. Let k be d(8). Let q be 125/(-75)*k*(-1 + -2). Let y(i) = 3 + 0 + 0 - 6*i + 4. Calculate y(q).
-23
Let r(p) be the first derivative of -p**5/60 + p**4/8 - p**3/2 + 67*p**2/2 - 56. Let h(k) be the second derivative of r(k). Give h(6).
-21
Let d = 171 + -164. Let b(o) = -o**2 + 52*o + 46*o + 49*o - 146*o - d. What is b(0)?
-7
Let s(i) = -i**3 + 12*i**2 + 3*i + 15. Suppose 118*k - 43*k - 408 = 41*k. Determine s(k).
51
Let f(r) = -6 + 2*r + 38*r**2 - 17*r**2 - 20*r**2. Let j be f(-4). Let n(x) = 11*x**j + 14 - 28 + 13. Determine n(-1).
10
Let i = 1 - -3. Suppose 0 = -v - 4*m - 1, -2*m = -v + 3*v - i. Let s(g) = 2*g**2 - 7*g + 6. Let a be s(v). Let f(o) = -o**2 + 3*o + 3. Determine f(a).
3
Let v(z) = 12*z**2 + 12*z + 3. Let w(c) = 29*c**2 + 31*c + 7. Let l(x) = 12*v(x) - 5*w(x). Determine l(-8).
25
Let s = -91 + 354. Let h = -257 + s. Let b(z) = z**3 - 7*z**2 + 4*z - 6. Determine b(h).
-18
Let t(n) be the first derivative of n + 15/2*n**2 + 62. What is t(-2)?
-29
Let p be 122/(-20) - (-127)/1270. Let x(q) be the second derivative of -q**5/20 - q**4/2 + q**3/6 + 3*q**2 - q. What is x(p)?
0
Let g(v) be the second derivative of v**6/30 - v**4/24 - 17*v**3/2 - 4*v + 15. Let j(z) be the second derivative of g(z). Determine j(1).
11
Let o(r) = 0*r**2 + 1 - 358*r + 354*r + r**2. Suppose 335*y - 345*y = -50. Determine o(y).
6
Let v be 28/12*2013/427. Let p(n) = 5*n**3 - 15*n**2 + 6. Let l(x) = x**3 - x**2 + 1. Let b(u) = -4*l(u) + p(u). Determine b(v).
2
Let w(g) = -2*g + 83 + 52 + 44 - 173. Suppose -2*u + 0*u = -2*f + 28, 0 = 5*f + 3*u - 54. Suppose -18 = -3*l - 4*s, -2*l - 6*s = -s - f. What is w(l)?
-6
Let l(h) = h - 11. Suppose -9*g + 1687 = 445. Suppose 0 = 11*w - g + 50. Determine l(w).
-3
Let f(x) be the first derivative of -3 + 7*x - 9/2*x**2 + 1/3*x**3. Calculate f(7).
-7
Suppose -3*z - 5*w = -2*z - 47, 2*z + 4*w = 88. Let m(u) = -z + 81 + u - 35. What is m(-2)?
2
Let b(h) = 4*h - 1. Let a = -156 + 145. Let z(q) = q**2 + 13*q + 21. Let k be z(a). What is b(k)?
-5
Let v be 1*(-155)/(-10)*6 + 1. Let f = -103 + v. Let t(y) = -2*y - 7. Determine t(f).
11
Let l = 1263 - 1254. Let i(h) = h**2 - 10*h + 13. Calculate i(l).
4
Let c(h) = -h - 2. Let b(n) = -n + 5. Suppose 2*w = 3*z + z + 18, 0 = w + z + 3. Let j(i) = w*b(i) + 2*c(i). What is j(-1)?
4
Let w(v) be the second derivative of -v**4/12 - 5*v**3/3 + 7*v**2/2 + 1875*v. Let l = -10 - -4. Determine w(l).
31
Suppose 5*s = -5*x + 4*x + 34, -5*x = -2*s - 8. Let m(a) = -3*a - 3*a + 1 + 405*a**2 - 404*a**2. Give m(s).
1
Let f(c) = -2*c + 5. Let z be f(-1). Let x(d) = -z - 5 - 18*d + 19 - 9 + d**2. Let l be x(18). Let k(u) = -2*u**2 + u - 1. Calculate k(l).
-11
Let x(n) = 3*n**2 - 4*n - 3*n**3 + 4*n**3 + n**2. Let u(f) = f**2 - 4*f - 9. Let q(z) = z**2 - z - 1. Let v be q(-2). Let l be u(v). Give x(l).
16
Let n(s) be the second derivative of -s**4/3 + 13*s**3/6 + 5*s**2 - 2*s - 2811. Calculate n(3).
13
Let o(z) = 0*z**2 + z**3 + 2*z**2 + 2*z - 5 - 4*z**2 - 4*z + 4*z**2. Calculate o(0).
-5
Let f(z) = -2345*z**2 + 2*z**3 + 21 + 1197*z**2 - 3*z**3 + 26*z + 1174*z**2. Calculate f(27).
-6
Let k(b) be the third derivative of b**7/2520 + 13*b**6/720 + 3*b**5/20 + b**4/2 + b**3 + 13*b**2. Let h(d) be the second derivative of k(d). Calculate h(-10).
-12
Let c(i) = -2136*i - 3. Let r(o) = -1187*o - 2. Let t(p) = 5*c(p) - 9*r(p). Let a = 12 - 8. Suppose -2 = -y + d - 3, a*y - 6 = 2*d. Give t(y).
15
Suppose 3*g - 6 = p, 5*p - g - 3 = -5. Let t(x) = -x**2 - 25. Calculate t(p).
-25
Let z(c) be the first derivative of c**4/4 - 7*c**3/3 + 7*c**2/2 + 3*c - 67175. Let u(k) = -4*k - 2. Let l be u(-2). Calculate z(l).
9
Let r(a) be the first derivative of a**3/3 + 5*a**2/2 + a - 6. Let g be 10/6 + 713/(-93). Determine r(g).
7
Let b(d) = -5*d + 12. Let t be 4/10*(-75)/(-30). Let g(m) = -m + 1. Let k(a) = t*b(a) - 6*g(a). Determine k(-5).
1
Let f be -3 - (-92)/((-12)/(-3)). Suppose -127*n = -132*n + f. Let c(i) be the third derivative of i**5/60 - i**4/8 - 5*i**3/6 - i**2. Calculate c(n).
-1
Let w(o) = 2*o + 34. Let g be ((-6)/18)/(((-11)/(-24))/(-11)). Let i be ((-2)/g*6)/((-16)/(-224)). What is w(i)?
-8
Let t(a) = a**2 + 3*a - 4. Let b(i) = 3*i**3 + 20*i - 10*i**3 + 39*i**2 + 5*i**3 - 5. Let d be b(20). Calculate t(d).
6
Let r(q) = 22*q**2 + 9*q - 971. Let b(a) = -13*a**2 - 5*a + 583. Let p(f) = 5*b(f) + 3*r(f). Let y = -4 + 1. What is p(y)?
5
Let j(d) = 6*d - 2. Let m(x) = -2*x**3 + 5*x**2 + 12*x. Let r be m(4). Suppose 4*n + 2*v - 3 - 11 = r, 0 = -4*n - v + 9. Determine j(n).
4
Suppose 13*l + 10428 - 10545 = 0. Let x(b) be the third derivative of b**6/120 - 2*b**5/15 - 5*b**4/12 + 4*b**3/3 - b**2. Give x(l).
-1
Let f(n) be the third derivative of 1/8*n**4 + 0 + 0*n + 42*n**2 + 1/6*n**3. Let j(w) = -w - 2. Let h be j(-4). Calculate f(h).
7
Suppose 0 = 5*n - l - 12, -4 = -l - 1. Let t be 1 - (-3)/(n + 6/(-4)). Let w be (t - 7)*(-14)/8. Let g(q) = -2*q + 1. Give g(w).
-13
Suppose -9*i + 14*i = 825. Suppose 19*y - i = -51. Let b(t) = -t**2 - 3*t + 5*t + 4*t - 1. Determine b(y).
-1
Let y be (21/(-49))/(4/(-140)). Let g(c) = 92 - 92 + y*c**3 + c - 3*c**2 + 3*c**2. Determine g(1).
16
Let r(g) be the second derivative of g**4/12 + 7*g**3/6 - 5*g**2 + g - 94. Suppose 0 = -h, 4*t + t - 2*h = 20. Let n be (t - 1)*(-3)/1. Determine r(n).
8
Let j = 846 + -1219. Let q = -370 - j. Let y(s) = -s**3 + 2*s**2 - 2*s + 4. What is y(q)?
-11
Let a(h) = -53*h**2 - 66*h - 18. Let t(r) = -9*r**2 + 3*r + 1. Let u(v) = a(v) - 5*t(v). Give u(-10).
-13
Let o(j) = -14*j + 198. Suppose -223*w - 233*w + 448*w + 112 = 0. What is o(w)?
2
Suppose 0 = -i + y - 2*y + 49, -147 = -3*i - y. Suppose 6*n = 2*n + 200. Let h = n - i. Let t(g) = -20*g - 1. Give t(h).
-21
Let l(x) = -x**3 + 11*x**2 + 2*x - 7. Suppose 4*n + 18 = 5*z, 0 = 5*n - 4*z + 4 + 14. Let r(a) = -a**3 + a - 1. Let g(u) = n*r(u) + l(u). Give g(-11).
-5
Let w(v) = 8*v + 28. Let k be (-2)/2*(-14)/(-2). Let j be w(k). Let p be j/8 + 6/4. Let c(a) = 4*a**2 + 2*a. Calculate c(p).
12
Let m(w) = 88*w**2 + 37*w**2 - 79*w - 33 - 128*w**2. Give m(-26).
-7
Let b(j) = 5*j + 5. Let f be 5 - -3*(-3 - 20/(-12)). Let t